2*w + 1 + 16*w**2 - 4. Let z be (3 - 2)/(5/10). Is p(z) composite?
False
Let w be (-2)/4*(-56)/7. Is (-1)/((-4)/(5600 - w)) a composite number?
False
Let r(n) = 3*n**3 - 11*n**2 - 12*n - 51. Is r(16) prime?
False
Suppose 3 + 1 = 2*h, -4*l = -2*h - 8. Suppose -n - 313 = -3*n - l*g, -3*n + g + 442 = 0. Is n composite?
False
Suppose -799 = -7*d - 5062. Let r = 430 - d. Is r composite?
False
Suppose 48281 = 19*t - 1038234. Is t composite?
True
Let t = -104 + 89. Is ((-2068)/12)/(5/t) composite?
True
Let g be 0 - (-9)/(18/(-8)). Is 30/g*1124/(-6) a prime number?
False
Let k(h) = -h**2 - 5*h + 10. Let p be k(-6). Let f(y) = -13 - 2*y**2 - 15*y + y**2 - p*y + 0. Is f(-13) prime?
False
Suppose 2*g = 3*g - 5*s + 20, 0 = -s + 4. Let x be 3/(-18) - 1694/(-12). Suppose 0 = -g*f + f - x. Is f a prime number?
False
Suppose -2*y = 1810 - 6816. Is y prime?
True
Let q(v) = -2*v**2 + 9*v + 1. Let g be q(5). Is (-2148)/g - (-3 - -5) a prime number?
False
Let p be ((-2)/(-4))/((-1)/(-10)). Suppose -8 = 4*r, -p*r - 95 = -2*k + 103. Is k composite?
True
Let k be 1 + (-2 - (0 + -3)). Suppose k*r + 3 - 11 = 0. Suppose -r*h = h - 175. Is h a prime number?
False
Suppose c = -4*x - 12 - 3, -2*c - 10 = 3*x. Is (911/c + -4)*1 prime?
True
Let r be 11*(-1)/(-2)*2. Let t be (r - 9) + 1 + -4. Is (0 + t)/((-1)/95) composite?
True
Let l(m) = 688*m - 11. Let r be l(2). Suppose 4*i = -x - r + 3888, 4 = -4*x. Is i composite?
False
Let t be 1 - (11 - 2)/(-3). Suppose t = -2*j, -j = c - 115 - 181. Suppose f = c + 43. Is f a prime number?
False
Let j = -43 + 47. Let d be (14/(-3))/(-1)*9. Suppose -6 = j*v - d. Is v a composite number?
True
Let h(c) = 4*c + 22. Let a be h(10). Suppose -p + 77 = -3*w, p = -2*w - 5 + a. Is p composite?
True
Let y(j) = -j**2 - 12*j + 4. Let t be y(-12). Suppose 6 - t = c. Is c/11 + 11724/132 a composite number?
False
Let n = -10041 - -19220. Is n composite?
True
Let n(p) = 68*p**3 - 4*p**2 + 1. Let m be n(-3). Let r = -913 - m. Is r prime?
False
Let x(d) = -d**3 - 3*d**2 - 4*d - 5. Let q be x(-3). Suppose 467 = q*g - 6*g. Is g a composite number?
False
Is (22/(-12))/(-11) + 19902/36 a composite number?
True
Suppose 5*o + 4*u = 6, -5*o - 4 = 2*u - 12. Suppose -6*v - 478 = -5*h - o*v, -2*h - 3*v = -182. Is h a composite number?
True
Let m = 7875 - -1322. Is m prime?
False
Let c(w) = w**2 - 15. Let i be c(-6). Let x = 112 + i. Is x a prime number?
False
Suppose k = 3*l + 2*l - 7, k + l - 11 = 0. Is 2855/9 - k/36 prime?
True
Suppose r = -2813 + 10650. Is r composite?
True
Suppose -74*b = -75*b. Suppose b = 18*r - 9094 - 25664. Is r prime?
True
Let p = 56 - 52. Suppose -3 - 1 = -s, 0 = p*v - 5*s - 712. Is v prime?
False
Suppose 3182*f - 3187*f = -104155. Is f prime?
False
Suppose -3*t - 2*j = j - 264, -3*j - 345 = -4*t. Suppose -2*c + 3*c - t = 0. Is c prime?
False
Let i be ((-8)/(-3))/4*3. Let u(d) = 5 - 2*d - 6 + 2*d + 30*d**2. Is u(i) a prime number?
False
Let a(v) = 81*v + 64*v - 3 - 24*v. Is a(2) composite?
False
Suppose z - 10 + 7 = 0. Suppose l + z*l = r + 9, r + 5*l - 27 = 0. Is r composite?
False
Suppose 2*t = 240725 + 12357. Is t prime?
True
Is ((-20)/12 - -2) + 323100/27 a composite number?
True
Let t = 5 + -3. Let u(a) = -t - 3 - 28*a - 10 + 16. Is u(-5) a prime number?
False
Let i(j) = j**3 + 29*j**2 - 29*j - 31. Suppose -2*l - 3 = -5*s - 125, 5*l - 77 = 3*s. Is i(s) composite?
True
Is (-1031)/((-2)/(18 + (-1 - 3))) composite?
True
Let s be 458/(-5)*((-4)/(-8) + -3). Suppose 0 = n - s - 216. Is n a composite number?
True
Suppose 5*f - 584 = -s + 1700, -444 = -f + 3*s. Let q = f - -1493. Is q a composite number?
False
Let n = 4642 - 3094. Let u = n - 907. Is u a composite number?
False
Suppose -3*u + 9 = -0*h - h, -u = 4*h - 16. Suppose -9203 = -3*o + 4*w, -9 = u*w - 1. Is o a composite number?
True
Suppose -2*p + 2*a + 11014 = 0, -9 = -4*a - 1. Is p a prime number?
False
Suppose -49 = -16*z + 15. Let v(f) = -3*f - f**2 + 2 - 3 + 6*f**3 - 2. Is v(z) prime?
True
Suppose y = 3*i - 11953, i - 2*y = 3*i - 7958. Is i prime?
False
Let p(i) = -5*i**2 - 4*i + 2. Let q(v) = 6*v**2 + 5*v - 3. Let r(h) = 5*p(h) + 4*q(h). Let f be r(0). Let c(z) = -56*z**3 - 2*z - 3. Is c(f) prime?
True
Suppose 5*t - 3*z = 19, 4*t - 16 = -4*z + 6*z. Suppose 2*h - h + t = 0, 0 = -v + 4*h + 4465. Suppose -i + v = 4*i. Is i a composite number?
True
Let t(r) = -6*r**3 - 3*r - 5. Let v be t(-8). Let n = v - 1855. Suppose 5*a = -4*z + 1240, a = -4*z - 3*a + n. Is z a composite number?
True
Let r be 7 - 8/2 - 2. Suppose r = w - 2. Suppose w*i - 292 = -46. Is i a prime number?
False
Let c be ((-8)/(-8))/((-2)/(-46)). Let q = -21 + c. Is ((-1)/q)/(4/(-872)) a prime number?
True
Let t = 21 - 8. Suppose t - 19 = -3*u. Suppose -u*l + 47 = -29. Is l a prime number?
False
Let l(k) = k**3 + 7*k**2 - 18*k - 17. Is l(12) a prime number?
True
Let c(m) = 16*m - 46. Is c(27) a prime number?
False
Let u(j) = -2*j**3 - j**2 + 1. Let h be u(-1). Suppose -2*c = 5*f - 21, 2*c - h*f = 7*c - 21. Is (-1)/c*231/(-1) a prime number?
False
Let x = -15612 - -67873. Is x prime?
False
Suppose -65*k + 70*k = 15. Suppose -399 - 1719 = -k*c. Is c a prime number?
False
Suppose 4*u + 68 = -3*p, -132 = 3*p + p - 5*u. Is (p/42)/(4/(-498)) a composite number?
False
Suppose 5*r = -2*y + 11253, -47*r = -46*r - y - 2252. Is r a composite number?
False
Let j(z) = z**3 - z**2 - z + 332. Let x be j(0). Suppose 3*u + 3*a - 7 = x, 3*u = 4*a + 353. Is u prime?
False
Let b(d) = -17*d**3 + 8*d**2 - 19*d - 119. Is b(-9) a prime number?
True
Let x be ((-2)/4)/(0 + (-5)/(-90)). Is (x/(27/(-6906)))/(2 + 0) a composite number?
False
Suppose 5*z = n + 151896, 4*z + 4*n + 41346 = 162858. Is z a composite number?
True
Let c(l) = 6*l**2 + l. Let u be c(1). Is 16/56 - (-20277)/u composite?
False
Let p be (-2)/(-14) - (-442)/91. Suppose z + 5*t = 162, -p*z + 5*t = 2*t - 782. Is z a composite number?
False
Let b be (-1 + 4)/(6/4). Suppose b*n + n - 2259 = 0. Is n a prime number?
False
Let b be (-12)/(-9)*9/6. Suppose -v + 3*y + 629 = 0, -b*y - 2 = 8. Is v a composite number?
True
Suppose -c = -5*c + 1356. Suppose t - 339 = -3*n, -n - c = -4*n + 4*t. Is n*1/((-1)/(-1)) composite?
False
Let v(j) = 74*j**2 - 3*j - 41. Is v(-12) composite?
False
Let f = 169 - 4. Suppose 1738 + f = g. Is g a prime number?
False
Is (-2)/(2/381*-3) a composite number?
False
Suppose -14 = 2*w + 5*w. Let n(y) = 87*y**2 - 21*y**2 + 16*y**2 - 3 - 2*y. Is n(w) prime?
False
Let w(a) = 5*a**3 - 22*a**2 - 36*a + 35. Is w(14) a prime number?
False
Suppose 12980 = 5*w - 3*o - 864, 5*o - 13820 = -5*w. Let s = w + -1508. Is s a composite number?
False
Let d(u) = 2*u - 39. Let f be d(18). Is f + 0 - (-70)/1 a composite number?
False
Let o(p) = -p**2 + 13*p - 7. Let k be o(3). Suppose 7*c - k*c = -7024. Is c a composite number?
False
Suppose a + 76 = 446. Let z = a - -481. Is z composite?
True
Let r = 5164 + -1851. Is r prime?
True
Is -4 + -7 + 216 + -6 a prime number?
True
Suppose 4*a = -2*r - 710, 0 = r - 0*a + 3*a + 360. Let b = r - -908. Is b a prime number?
True
Suppose 0 = 2*h, d - 2 = 4*h + 1. Suppose -3*u + 327 = -2*u - 4*s, -d*s = -u + 322. Is u a prime number?
True
Suppose -g + 0*g - 2 = 0. Let p be -2438 - (-4 - g)*1. Is (6/9)/((-8)/p) composite?
True
Suppose 6*r = 5*r + 440. Let j = 853 - r. Is j composite?
True
Suppose 54949 = 3*x + 5*f, 0 = 53*f - 50*f + 12. Is x a composite number?
True
Let f = 1 - 0. Let q be -3*f*20/(-30). Suppose -2*s - 5*r = -188, 6*r - 186 = -2*s + q*r. Is s prime?
True
Suppose 4*v + 4*s = 50564, 8*s + 37919 = 3*v + 10*s. Is v a composite number?
False
Let f(c) = -945*c - 544. Is f(-21) a composite number?
False
Is (11399/(-2))/(88/(-176)) composite?
False
Suppose 2*j - 84 = -0*j + 4*z, 2*j + 3*z - 49 = 0. Suppose 0 = 37*d - j*d - 9935. Is d a composite number?
False
Suppose -459 = -2*y + 4*v + 155, -5*y = -5*v - 1535. Is y prime?
True
Is (-1)/(0 - 3)*11967 composite?
False
Is (-170)/17*821/(-10) composite?
False
Let f(r) be the third derivative of -r**5/60 - 11*r**4/24 + 7*r**3/6 - 6*r**2. Is f(-11) prime?
True
Let f(q) = 487*q - 2. Let x = 8 + -6. Let n be x/6*-3*-1. Is f(n) prime?
False
Let p(h) be the third derivative of -17*h**4/12 + 3*h**3/2 - h**2. Is p(-5) a composite number?
False
Suppose 5*y - 2*y - 5*j + 9 = 0, y + 13 = 5*j.